Let z = 3751 + 2680. What are the prime factors of z?
59, 109
Let k = -1498 - -2709. Let v = 1827 - k. List the prime factors of v.
2, 7, 11
Let f(w) = w**3 - 8*w**2 - w + 9. Suppose 5*h = 42 - 2. Let d be f(h). What are the prime factors of 4 + -1 + (d - -6)?
2, 5
Suppose -3*b - 1 = -3*o + 29, 5*b - 54 = -3*o. Let z = 2 - o. Let t(x) = x**2 + 10*x + 37. What are the prime factors of t(z)?
2, 3
Let g be -17 - -19 - (0 + 1). Let f(i) = 698*i**2 + 3*i - 4. What are the prime factors of f(g)?
17, 41
Let f(t) = 71*t + 3. Let x be f(-1). Let j = -222 - -129. Let v = x - j. What are the prime factors of v?
5
Let y be (-1)/(-6)*-2 + (-36965)/(-15). Let i = y + -1613. What are the prime factors of i?
23, 37
Suppose -2*h - 2*q + 87036 = 0, -232*h - 87042 = -234*h - 5*q. What are the prime factors of h?
2, 11, 23, 43
Let f be -2 + (2 - -36) + -5. Suppose 3*k = -4*z + f, z - 3*k = 2*k - 21. Suppose z*m - a + 12 = -5*a, -4*a = -m + 22. List the prime factors of m.
2
What are the prime factors of 57872/10 - (-132)/(-60)?
5, 13, 89
Let d = -71 - -73. Let p(q) = 75*q**2 - 9*q + 8. Let n be p(d). Suppose -f = f - n. List the prime factors of f.
5, 29
Suppose 2*z + 5 - 3 = 0, 3*z = m - 5844. What are the prime factors of m?
3, 11, 59
Suppose p - 2076 = -3*b, 2*p + 6*b - 7*b - 4117 = 0. List the prime factors of p.
3, 229
Let t be (8/32*4)/((-1)/73). Let w = -37 - t. Suppose 0 = -5*y + 5*o + 119 + w, -2*y + 80 = 4*o. What are the prime factors of y?
2, 17
Let t(i) = -3*i**2 + 35*i - 5. Let v be t(12). List the prime factors of ((-122)/(-3)*v)/((-120)/180).
17, 61
Suppose -130*z + 134*z - 169 = -5*f, 0 = -5*f - 5*z + 165. Let h be (1 - -45)*(-1)/2. Let x = f + h. List the prime factors of x.
2, 7
Let f(i) be the second derivative of -3*i**5/10 + i**4/12 + 3*i**3 - 11*i**2/2 - 2*i - 75. List the prime factors of f(-6).
1213
Let b = -13832 - -30972. What are the prime factors of b?
2, 5, 857
Let b be 16/5 + (-2)/10. Suppose -7*y + 60 = -b. Suppose 0 = -0*w + y*w - 486. What are the prime factors of w?
2, 3
Suppose -a = -3*q - 9, -5*a - 9 = 3*q - 2*a. List the prime factors of (-2*46 - q)/(1/(-2)).
2, 89
Let k(y) = -y**3 + 24*y + 5. Let s be k(5). Let p be 10/4*10/1. Suppose 3*u - p + 1 = s. What are the prime factors of u?
2
Let o(x) = -1. Let i(u) = -27*u**2 - 13. Let m(l) = -i(l) + 5*o(l). Let c(t) = -t**3 + 24*t**2 - 21*t - 48. Let s be c(23). List the prime factors of m(s).
2, 29
Suppose 0 = -17*j + 9*j + 9120. What are the prime factors of j?
2, 3, 5, 19
Let i = 3906 + -1347. Let g = -1128 + i. List the prime factors of g.
3, 53
Let p = -17747 - -32204. List the prime factors of p.
3, 61, 79
Let p = 12847 - 7987. Suppose -34*d - p = -43*d. What are the prime factors of d?
2, 3, 5
Let b(u) = -u**2 + 3. Let z be b(0). Suppose 0 = 5*v + m - 93, -4*v - m + 70 = -5. Suppose -z*w + v = -9. What are the prime factors of w?
3
Let u = -522 - -1183. Suppose 2*i = p - 4*p + 303, 4*i - u = 5*p. Suppose 2*y + 5*h - i = 0, -2*y - 2*y = -h - 307. List the prime factors of y.
7, 11
Let a be 46/8 - 6/(-24). Suppose 0 = 15*s - 10*s - 4880. Suppose 0 = a*u + 28 - s. What are the prime factors of u?
2, 79
List the prime factors of ((-462)/21)/((-4)/390).
3, 5, 11, 13
Suppose -4*w = -w + 45. Let n = w + 13. Let o(f) = -66*f + 9. List the prime factors of o(n).
3, 47
Let t be (-2)/(-9)*3 + (-1)/(-3). Let k be (556/(-2) - 4) + t. Let f = k - -462. List the prime factors of f.
181
Let t(p) = -p**3 + 17*p**2 + 27*p + 9. Let z(m) = m**3 + 11*m**2 + 2*m - 64. Let u be z(-10). List the prime factors of t(u).
17, 41
Let o(m) = -m**2 - 24*m - 28. Let g(c) = 1. Let w(x) = -3*g(x) + o(x). Let v be w(-16). List the prime factors of (v/6 - 2) + (-4)/24.
2, 7
Let v(w) = -172*w + 1750. List the prime factors of v(10).
2, 3, 5
Suppose 0 = 122*w + 115*w - 247*w + 146460. What are the prime factors of w?
2, 3, 2441
Let s be (20/50)/(3/105). What are the prime factors of (-88)/(-1232) + 14881/s?
1063
List the prime factors of -4*(-15647)/4 - (-36)/(-4).
2, 7, 1117
Suppose -3*x = -14*d + 16*d - 418, 0 = -2*x - 2*d + 278. Let h = 247 + x. List the prime factors of h.
3, 43
Suppose -5*b = 5, 5*x + b - 4260 = 4839. What are the prime factors of x?
2, 5, 7, 13
Let c be 0 + 1184/(-2) + (-110)/(-22). Let n = -79 - c. List the prime factors of n.
2, 127
Let x(s) = -s. Let u(f) = 29 - 5*f + 15*f + 2*f. Let z(n) = u(n) - x(n). What are the prime factors of z(8)?
7, 19
Let c(x) = -1059*x + 734. What are the prime factors of c(-5)?
6029
Let s(b) = 3*b**2 + 2*b. Let h be s(-1). What are the prime factors of (-2853)/(-3)*(0 + h)?
3, 317
Suppose -n = 2*m - 0*m - 159, -4*m - 3*n = -317. Suppose -82*r + m*r = 0. List the prime factors of (r - -46)/((-22)/(-44)).
2, 23
Let j(q) = 2*q**2 + 21*q - 109. Let m be j(-18). Let f be (-18)/(-2 - 22/(-10)). Let w = m + f. What are the prime factors of w?
71
Suppose 205 = 5*d - 115. Suppose -3*n + h - 44 = 0, -2*n + 4*h + d = -5*n. What are the prime factors of 985/40 + (-6)/n?
5
Suppose -908 = 5*a - 2*d, 2*a + 144 + 204 = -3*d. Let s be (16/20)/((-1)/a - 0). Suppose s*v = 147*v - 411. List the prime factors of v.
137
Suppose 0 = 103*u - 450035 - 305813 - 134793. List the prime factors of u.
8647
Suppose 6716*o - 6696*o - 66840 = 0. List the prime factors of o.
2, 3, 557
Suppose 3*b - 7429 = -i, -3*b - 2*i + 7*i = -7423. What are the prime factors of 3 - (-2)/(3 - b/828)?
2, 3, 5, 7
Let r be (-6)/45 + (5 - (-6)/45). Suppose r*z + 0*l = -l + 5953, 5*l + 4745 = 4*z. What are the prime factors of z?
2, 5, 7, 17
Let j = 3044 + 710. List the prime factors of j.
2, 1877
Suppose -14*x = 116 + 3020. Let z = x + 633. List the prime factors of z.
409
Suppose -u + 0*u = -158. Let f be u + (-5 - -3 - -2). Suppose -10 - f = -4*b. What are the prime factors of b?
2, 3, 7
Let h(p) = -p**3 + 26*p**2 - 71*p + 35. Let f(y) = y + 18. Let s be f(4). List the prime factors of h(s).
409
Suppose -20*l + 25*l - 3*i - 35675 = 0, 7113 = l - 5*i. What are the prime factors of l?
2, 43, 83
Let b(i) = -i - 2. Let t be b(-27). What are the prime factors of 123 + t/15*-3?
2, 59
Let h(k) = 7760*k**3 + 1. Let t be h(1). Let c = t + -5234. Suppose 12*i - c = 101. What are the prime factors of i?
3, 73
Suppose 4*t = -5*v - 97347 + 374556, 5*v - 138587 = -2*t. What are the prime factors of t?
11, 6301
Suppose 31*d + 15*d = -5*d + 989400. List the prime factors of d.
2, 5, 97
Let o = 943 - 657. Suppose a - 3*m = 107, 3*a - o = 8*m - 6*m. List the prime factors of a.
2, 23
Let r = 472 + -276. What are the prime factors of -2 + 4/(11 - 3)*r?
2, 3
Suppose -18 + 0 = -3*w - 2*x, -w + 4*x - 8 = 0. Let i(a) = 43 - 5*a + w*a**2 + 14*a - 17*a. List the prime factors of i(7).
3, 61
Let w(z) = 25072*z + 289. List the prime factors of w(1).
7, 3623
Let a(x) = -x**3 + 5*x**2 - 6*x + 14. Let y be 2/2*-3 - -7. Let u be a(y). Let v(n) = 2*n**2 + 4*n - 8. What are the prime factors of v(u)?
2, 11
Let q = 18977 + -9343. What are the prime factors of q?
2, 4817
Let g = 33 + -30. Let l(z) = z**3 - 4*z**2 + 6*z - 4. Let d be l(g). Suppose -h + 32 = d*t, 2*h + 3*t - 24 = h. What are the prime factors of h?
2, 3
Suppose 4 = 16*w - 14*w. Suppose -2*n + a + a = -286, n + w*a - 152 = 0. Suppose -n = 10*f - 1176. What are the prime factors of f?
103
Let s(f) = 368*f + 991. What are the prime factors of s(28)?
3, 5, 251
Let d = 4238 - 1304. List the prime factors of d.
2, 3, 163
Suppose 276*i + 2273105 = 9058013. List the prime factors of i.
13, 31, 61
Let s = 24680 + -11507. List the prime factors of s.
3, 4391
Let g(u) = 4*u**2 - 4*u - 14. Let p = 68 + -67. Let b(f) = f**2 + 1. Let t(d) = p*g(d) + 5*b(d). What are the prime factors of t(-4)?
151
Suppose -5*o + 61483 = -8*t, -9*o + 3*t - 24587 = -11*o. List the prime factors of o.
5, 2459
Let a(u) = 5*u**2 - u + 1. Suppose 11*x - 10 = 9*x. Suppose 9*l + x = 4*l. What are the prime factors of a(l)?
7
Let t be 1 - (3 - 1) - 5. Let c(m) = -4*m**3 - 10*m**2 - 13*m + 2. What are the prime factors of c(t)?
2, 73
Suppose 12 = k - 5*m, -6*k - 20 = -3*k - m. Let i(f) = -2*f**3 - 8*f**2 + 8*f - 7. What are the prime factors of i(k)?
3, 7
Let a(b) = 232*b**2 - 212*b - 3174. List the prime factors of a(-14).
2, 13, 1741
Let f be (2 - -408)*(-1 - 1). List the prime factors of 2/4*-19*f/10.
19, 41